7412939 a prime number?
True
Is 1820004793 a prime number?
True
Is 384674377 a prime number?
False
Is 299836518755 a composite number?
True
Is 76958237093 prime?
False
Is 395301919 a prime number?
True
Is 24186669893 a prime number?
False
Is 2997450451 a prime number?
True
Is 8363981623 composite?
True
Is 305615974 composite?
True
Is 3552226807 composite?
False
Is 183990827 prime?
False
Is 137590490881 a composite number?
False
Is 451959271 a prime number?
False
Is 927004349 prime?
False
Is 7611087311 a prime number?
True
Is 14521359889 a composite number?
True
Is 4723837777 composite?
False
Is 320140777 composite?
True
Is 84750178103 prime?
False
Is 119147406683 prime?
False
Is 12688925849 a composite number?
False
Is 136695649313 prime?
False
Is 1153577941 composite?
False
Is 3641609311 a prime number?
True
Is 3921177191 a composite number?
False
Is 3285510667 a prime number?
True
Is 15561428917 a prime number?
True
Is 1169200189 composite?
True
Is 44124799039 a composite number?
False
Is 51229079953 a composite number?
False
Is 16270379 prime?
True
Is 1246907887 a composite number?
False
Is 138757369 a prime number?
True
Is 93720988303 prime?
True
Is 43016927171 composite?
False
Is 9287776777 prime?
True
Is 28749892229 prime?
True
Is 11360468191 a prime number?
True
Is 773857121 composite?
True
Is 720562363 composite?
False
Is 1450211353 a composite number?
True
Is 81481462577 a prime number?
True
Is 20977036337 a prime number?
False
Is 64299264233 prime?
True
Is 7027691497 a composite number?
True
Is 2103244645 composite?
True
Is 6872727193 composite?
False
Is 4916749379 composite?
False
Is 13869085073 a composite number?
True
Is 65927291737 composite?
False
Is 217018987 composite?
False
Is 12901198231 composite?
True
Is 455994653 prime?
True
Is 1603788035 a prime number?
False
Is 1330846739 a composite number?
True
Is 582826469 a prime number?
True
Is 7313939561 a composite number?
False
Is 1474804379 a prime number?
True
Is 4031924857 prime?
True
Is 634705663 a composite number?
False
Is 738060047 a composite number?
True
Is 4562703419 prime?
True
Is 388604057 prime?
True
Is 51137743 a prime number?
False
Is 4410235123 a composite number?
True
Is 2544242411 a composite number?
False
Is 44881244461 composite?
False
Is 6972359 a composite number?
False
Is 35510500339 prime?
True
Is 776076583 prime?
True
Is 18092558674 a composite number?
True
Is 1055055251 a prime number?
True
Is 143528248921 prime?
True
Is 42129695729 prime?
False
Is 7593452693 a composite number?
False
Is 47092532287 a prime number?
True
Is 280242908063 a prime number?
True
Is 18106984694 a prime number?
False
Is 709922054 prime?
False
Is 2547941783 a composite number?
False
Is 189189089 prime?
False
Is 46971022279 a prime number?
False
Is 69836718197 prime?
False
Is 74410949 composite?
False
Is 328997089 composite?
True
Is 69895745537 prime?
True
Is 7622414057 a prime number?
False
Is 6831530449 a prime number?
False
Is 12166950013 a composite number?
True
Is 515486401 a composite number?
False
Is 1347192937 prime?
False
Is 11999826517 a prime number?
False
Is 2020737127 composite?
False
Is 1907155157 a prime number?
True
Is 13481261071 composite?
False
Is 2856782447 prime?
True
Is 15889631 prime?
True
Is 9599963167 composite?
True
Is 18735187921 composite?
False
Is 1490739907 prime?
True
Is 9018534013 a composite number?
True
Is 950511085 prime?
False
Is 36840659543 a composite number?
False
Is 5307151279 prime?
False
Is 32901683921 prime?
True
Is 43048534889 a composite number?
False
Is 20335191271 prime?
True
Is 1131165661 composite?
False
Is 6857549137 a prime number?
False
Is 1876051537 a prime number?
True
Is 7410794851 composite?
True
Is 105803452513 prime?
False
Is 442495943 prime?
False
Is 239270737 prime?
True
Is 404179915 a composite number?
True
Is 1781648303 a composite number?
False
Is 47912483 a prime number?
False
Is 153317419 a composite number?
True
Is 19463937821 composite?
False
Is 1967644081 a prime number?
False
Is 6861705931 a prime number?
True
Is 2080278143 prime?
False
Is 102739094791 a composite number?
False
Is 6583044791 a prime number?
True
Is 63937999019 composite?
False
Is 347844515 prime?
False
Is 226038277 a composite number?
True
Is 6983621971 composite?
False
Is 51348798533 a prime number?
True
Is 2550516641 composite?
True
Is 644410913 a prime number?
True
Is 906971941 composite?
False
Is 4335502601 a prime number?
True
Is 23166453273 composite?
True
Is 293571037 prime?
False
Is 10210426883 a composite number?
True
Is 2401425071 prime?
False
Is 1008478973 composite?
True
Is 137515421 a composite number?
True
Is 8374260631 composite?
True
Is 153880374389 prime?
False
Is 3185208067 composite?
False
Is 11914264027 a composite number?
False
Is 5727216029 prime?
True
Is 2870910443 prime?
False
Is 5484502391 prime?
False
Is 159668643419 a composite number?
False
Is 95412877 composite?
True
Is 1697277997 a prime number?
True
Is 3239462309 prime?
True
Is 877482043 a prime number?
False
Is 33351627017 a composite number?
True
Is 21216264103 a prime number?
True
Is 1807358897 a prime number?
True
Is 13506321733 prime?
True
Is 249169603 a prime number?
False
Is 16334330477 prime?
True
Is 4177689931 a composite number?
True
Is 83159294489 prime?
True
Is 145248601381 a composite number?
True
Is 2122833701 composite?
False
Is 216660985 prime?
False
Is 1216809431 a composite number?
True
Is 25071268477 composite?
True
Is 3765806971 composite?
False
Is 7441265047 composite?
False
Is 80637060957 a prime number?
False
Is 7458623863 a prime number?
True
Is 15509805529 a prime number?
False
Is 2323430969 composite?
True
Is 5551499423 a prime number?
False
Is 231567274 composite?
True
Is 1374314609 prime?
False
Is 773072131 composite?
True
Is 94562599 prime?
True
Is 1219514399 composite?
False
Is 21749761843 a composite number?
False
Is 1999516891 prime?
False
Is 1244694721 a prime number?
True
Is 15945717091 a composite number?
True
Is 137064136337 prime?
True
Is 33840690629 a prime number?
True
Is 1499547367 prime?
True
Is 537886463 a prime number?
False
Is 19972236127 composite?
True
Is 10557739741 a composite number?
False
Is 8279855459 a prime number?
True
Is 28366606189 prime?
True
Is 953768677 prime?
True
Is 1032447797 composite?
False
Is 375184897 a composite number?
False
Is 33884430673 prime?
True
Is 17964552139 prime?
True
Is 4793374585 composite?
True
Is 74999201 composite?
True
Is 741080239 prime?
False
Is 6848926489 prime?
False
Is 1831204009 composite?
True
Is 872414867 composite?
False
Is 34203063061 prime?
True
Is 433642421 prime?
True
Is 9118226069 a composite number?
False
Is 36100902433 a composite number?
False
Is 7948817909 a prime number?
True
Is 36988463789 a prime number?
True
Is 5843082433 composite?
False
Is 1315381549 composite?
False
Is 5772083 composite?
True
Is 353053489 prime?
True
Is 55561463 prime?
True
Is 12811606109 composite?
True
Is 250746973 a composite number?
False
Is 51673981157 composite?
True
Is 2621348539 a prime number?
True
Is 28273245358 composite?
True
Is 424563043 a prime number?
True
Is 1354626677 a composite number?
False
Is 14539371673 composite?
False
Is 108954730645 a composite number?
True
Is 13557673303 composite?
True
Is 265701409 composite?
False
Is 847275191 a composite number?
True
Is 5684730043 prime?
True
Is 9180012859 a composite number?
False
Is 7723473409 prime?
True
Is 18490817717 composite?
False
Is 241302053 a prime number?
True
Is 4510012717 prime?
False
Is 1260766657 composite?
False
Is 3630075998 prime?
False
Is 225791281 prime?
True
Is 70525895333 prime?
False
Is 93593052659 composite?
True
Is 1785924947 a composite number?
False
Is 1988091791 a prime number?
False
Is 4194965227 prime?
True
Is 4694822294 prime?
False
Is 2171845807 a composite number?
False
Is 4315104389 a prime number?
False
Is 336719893 a prime number?
False
Is 52589579 a prime number?
False
Is 54360682813 composite?
False
Is 4942386289 prime?
True
Is 87327642637 a prime number?
False
Is 585229537 composite?
True
Is 4396910029 composite?
True
Is 198440107 composite?
True
Is 7052385694 a prime number?
False
Is 1383985817 prime?
True
Is 6153031721 a composite number?
True
Is 3689531977 prime?
True
Is 13136651 a 